{"version":"1.0","provider_name":"Audi Blog","provider_url":"https:\/\/www.tts-freunde.de\/blog","author_name":"admin","author_url":"https:\/\/www.tts-freunde.de\/blog\/author\/admin\/","title":"Massimo Frascella wird neuer Chefdesigner von Audi - Audi Blog","type":"rich","width":600,"height":338,"html":"<blockquote class=\"wp-embedded-content\" data-secret=\"D5MNlm8gcE\"><a href=\"https:\/\/www.tts-freunde.de\/blog\/2024\/02\/15\/massimo-frascella-wird-neuer-chefdesigner-von-audi\/\">Massimo Frascella wird neuer Chefdesigner von Audi<\/a><\/blockquote><iframe sandbox=\"allow-scripts\" security=\"restricted\" src=\"https:\/\/www.tts-freunde.de\/blog\/2024\/02\/15\/massimo-frascella-wird-neuer-chefdesigner-von-audi\/embed\/#?secret=D5MNlm8gcE\" width=\"600\" height=\"338\" title=\"&#8222;Massimo Frascella wird neuer Chefdesigner von Audi&#8220; &#8211; Audi Blog\" data-secret=\"D5MNlm8gcE\" frameborder=\"0\" marginwidth=\"0\" marginheight=\"0\" scrolling=\"no\" class=\"wp-embedded-content\"><\/iframe><script type=\"text\/javascript\">\n\/* <![CDATA[ *\/\n\/*! This file is auto-generated *\/\n!function(d,l){\"use strict\";l.querySelector&&d.addEventListener&&\"undefined\"!=typeof URL&&(d.wp=d.wp||{},d.wp.receiveEmbedMessage||(d.wp.receiveEmbedMessage=function(e){var t=e.data;if((t||t.secret||t.message||t.value)&&!\/[^a-zA-Z0-9]\/.test(t.secret)){for(var s,r,n,a=l.querySelectorAll('iframe[data-secret=\"'+t.secret+'\"]'),o=l.querySelectorAll('blockquote[data-secret=\"'+t.secret+'\"]'),c=new RegExp(\"^https?:$\",\"i\"),i=0;i<o.length;i++)o[i].style.display=\"none\";for(i=0;i<a.length;i++)s=a[i],e.source===s.contentWindow&&(s.removeAttribute(\"style\"),\"height\"===t.message?(1e3<(r=parseInt(t.value,10))?r=1e3:~~r<200&&(r=200),s.height=r):\"link\"===t.message&&(r=new URL(s.getAttribute(\"src\")),n=new URL(t.value),c.test(n.protocol))&&n.host===r.host&&l.activeElement===s&&(d.top.location.href=t.value))}},d.addEventListener(\"message\",d.wp.receiveEmbedMessage,!1),l.addEventListener(\"DOMContentLoaded\",function(){for(var e,t,s=l.querySelectorAll(\"iframe.wp-embedded-content\"),r=0;r<s.length;r++)(t=(e=s[r]).getAttribute(\"data-secret\"))||(t=Math.random().toString(36).substring(2,12),e.src+=\"#?secret=\"+t,e.setAttribute(\"data-secret\",t)),e.contentWindow.postMessage({message:\"ready\",secret:t},\"*\")},!1)))}(window,document);\n\/* ]]> *\/\n<\/script>\n","thumbnail_url":"https:\/\/www.tts-freunde.de\/blog\/wp-content\/uploads\/2024\/02\/A240782_medium-scaled.jpg","thumbnail_width":2560,"thumbnail_height":1735,"description":"Audi Design stellt die Weichen f\u00fcr kommende Modellgenerationen Marc Lichte \u00fcbernimmt neue Aufgaben im Konzern Audi CEO D\u00f6llner: \u201eVorsprung durch Technik sichtbar und f\u00fchlbar machen\u201c Der k\u00fcnftige Leiter des Audi Design hei\u00dft Massimo Frascella. Er folgt planm\u00e4\u00dfig zum 1. Juni auf Marc Lichte, der neue Aufgaben im Konzern \u00fcbernehmen wird. [&hellip;]"}

Audi Design stellt die Weichen für kommende Modellgenerationen Marc Lichte übernimmt neue Aufgaben im Konzern Audi CEO Döllner: „Vorsprung durch Technik sichtbar und fühlbar machen“ Der künftige Leiter des Audi Design heißt Massimo Frascella. Er folgt planmäßig zum 1. Juni auf Marc Lichte, der neue Aufgaben im Konzern übernehmen wird. [&hellip;]
